i and t?
12
Let t = -7 - -3. Let g be 23 + 6/t*-2. Suppose 4*j - u - u - 62 = 0, j - 4*u = g. Calculate the greatest common divisor of 21 and j.
7
Suppose -p + 2 - 4 = 0. Let d be 9 - (-1 + p)/(-1). What is the greatest common factor of 3 and d?
3
Let y be 40/6 + (-8)/12. Let w be (3/9)/((-2)/y). Let t be 44*1 + 2 + w. Calculate the greatest common factor of 18 and t.
9
Let a be (2/(-4))/(1/4). Let q be 1/((-1)/2) - a. Suppose q*v - v + 5 = 0. Calculate the highest common divisor of 5 and v.
5
Let f(c) = -c**3 + 4*c**2 + 3*c - 5. Let j be f(4). Let o be 1 - -29 - 288/32. What is the greatest common factor of j and o?
7
Let o(a) = a**2 - 4*a - 2. Let j = 8 - 2. Let d be o(j). Let t be (89 - 7) + -3 + 1. Calculate the greatest common divisor of d and t.
10
Let k(i) = 2*i + 4. Let x be k(2). What is the highest common divisor of 88 and x?
8
Let h = -39 - -55. Let a be (-1)/(3/(-9 - -3)). Let u = h - a. What is the greatest common factor of u and 70?
14
Let r = 4 - 0. Suppose -r*a + 384 = -0*a. Let m = -2 + 14. Calculate the greatest common divisor of m and a.
12
Suppose 0 = -3*i + 4*i - 30. Suppose w - 3 = 12. Calculate the highest common divisor of w and i.
15
Suppose 0 = -4*m - 4 - 0, 4*m + 13 = -3*u. Let o be 25/3 + 1/u. Suppose -3*n - 320 = -o*n. Calculate the highest common divisor of n and 16.
16
Let g be 25 - ((-6)/1)/(-3). Suppose 3*m + g = 86. What is the greatest common factor of m and 7?
7
Suppose 20 = 5*b - 5*d + 4*d, -b + d = -8. Suppose -5*o - a + 27 = 0, -3*o = -4*o + b*a - 1. Calculate the highest common divisor of 35 and o.
5
Let x be (2 + -342)*2/(-5). Let t be 28*(-1)/(-2) - 2. Suppose w = t + 5. What is the highest common factor of x and w?
17
Let s be (4 + 0 + -1)*12. What is the greatest common factor of 12 and s?
12
Let h be -3*1/((-12)/8)*9. Calculate the greatest common factor of h and 45.
9
Suppose -277 = -3*j + 5*x, -j - 3*j = 4*x - 412. Let u(t) = t**2. Let g be u(3). What is the greatest common divisor of g and j?
9
Let b = 16 - 8. Let q = b + -5. What is the greatest common divisor of q and 27?
3
Suppose 26 = y + 5*f, 0 = 5*y + f - 64 - 186. Calculate the greatest common divisor of 51 and y.
51
Let b(a) = 3*a + 10. Let x be b(6). What is the highest common factor of x and 224?
28
Let w be 2/(-7) + 1122/154. Let b(g) = g + 11. Let m be b(-6). Suppose 5*s = m*r + 55, -2*r - 74 = -5*s - 31. What is the greatest common factor of w and s?
7
Let a be ((-11)/(-4) - 3)*-28. Calculate the greatest common factor of a and 21.
7
Let l(o) = o**2 + 2*o - 18. Let r be l(-6). What is the greatest common factor of r and 6?
6
Let r = 139 + -127. What is the greatest common divisor of 60 and r?
12
Let r be (-1)/2 - (-117)/26. Let l = -6 + 42. What is the highest common divisor of l and r?
4
Let b be 0/(-4 + 1) - -54. Suppose a = 40 - 4. What is the greatest common divisor of a and b?
18
Let u = -31 - -54. What is the greatest common divisor of u and 92?
23
Let b be ((-35)/(-15))/(-2 - 31/(-15)). Calculate the highest common divisor of b and 385.
35
Suppose 0 = 5*g - 3*y - 5 - 4, 3*g + 4*y = 17. Let d = 0 + g. Calculate the greatest common factor of d and 24.
3
Suppose 3*f = 2 + 4. Suppose -3*x - 65 = -f*o + 31, o + 3*x = 48. Suppose 0*k - 4*k = -24. Calculate the highest common factor of k and o.
6
Suppose 3*j - 45 = 30. What is the greatest common divisor of j and 100?
25
Suppose 4*i + 2*x + 10 - 2 = 0, 2*i - 2 = 2*x. Let t be ((-12)/(-16))/(i/(-8)). What is the greatest common divisor of 3 and t?
3
Let m be 6/21 - (-3520)/28. Calculate the highest common divisor of 14 and m.
14
Suppose 5*p - o = 71, 4*o = p - 28 + 10. What is the highest common divisor of 56 and p?
14
Suppose 0*j = -2*u - 3*j + 58, 0 = 3*u - 2*j - 61. Suppose 0 = -3*w + 2*g + 5 + 26, -4*w - g = -u. Calculate the greatest common factor of w and 35.
7
Let m = 189 - 69. Suppose 2*w - 22 = i - 2*i, 2*w + 2*i = 20. Suppose -w = -q - 0. What is the highest common divisor of q and m?
12
Let f = -25 - -29. Suppose -k - 1 = 1. Let g be f*(1 - 15/k). What is the greatest common divisor of g and 17?
17
Suppose -2*i - 2*k = -52, -5*i + 2*k = 3*k - 118. Calculate the highest common divisor of 161 and i.
23
Suppose -4*t = -2*n + t, 2*n - 18 = -4*t. Suppose 4*m = 2*a + 16, -3*a - 21 = -2*m - n. Let l be (-1)/m + 58/4. What is the highest common factor of 7 and l?
7
Let m(b) = 7*b - 2. Let q(z) = 3*z - 4. Let y be q(5). Let a be m(y). Let c be 4/6 - 176/(-6). What is the highest common divisor of a and c?
15
Let j(z) be the third derivative of z**4/6 - 2*z**3/3 - 2*z**2. Let d be j(4). Let x = -6 + d. Calculate the greatest common factor of 30 and x.
6
Let l be ((-4)/2 - (-7 + 8)) + 17. What is the highest common divisor of l and 154?
14
Let m(q) = q**2 + 5*q + 4. Let r be m(-5). Suppose -42 = -r*k + 10. What is the greatest common factor of 104 and k?
13
Suppose -4*y + 73 = 17. Let b = 65 - -89. Calculate the highest common divisor of b and y.
14
Suppose 4*p - 60 = -0*p. Suppose t + i + 0*i - 9 = 0, -3*i + p = 0. What is the greatest common divisor of 1 and t?
1
Let q = -1 + 0. Let b be (q/2)/(2/72). Let n = b - -35. Calculate the greatest common factor of n and 153.
17
Suppose -4*s + 15 = -5*c, 4*c + s = 2*s - 12. Let n be (14/6)/(c/(-27)). What is the highest common factor of n and 7?
7
Suppose 4*d + 3*f - 6 = 26, -40 = -5*d + f. What is the greatest common factor of d and 56?
8
Let c(y) = -y**3 - 3*y**2 + 4*y + 14. Let h be c(-6). Calculate the greatest common divisor of 28 and h.
14
Suppose 0 = -2*w + 27 + 7. Calculate the highest common divisor of w and 85.
17
Suppose 7*a + 6 = 4*a, -5*a = 2*s - 138. Let l = 104 - s. Suppose 2*i = -5*r + 20, 0*i = 5*i + 4*r - 84. Calculate the greatest common factor of i and l.
10
Let n(f) = 5*f - 2. Suppose m = 1 + 2. Let t be n(m). Calculate the greatest common factor of t and 26.
13
Let a = -16 + 23. Suppose 5*d + a = -3, 0 = -p - 5*d - 6. Calculate the highest common factor of p and 10.
2
Suppose 57 = 3*t - 3*u, -7*u - 53 = -3*t - 2*u. Suppose -t = 2*k - 69. Calculate the highest common factor of k and 192.
24
Let r = 41 + 13. What is the highest common divisor of r and 486?
54
Suppose b + b = 3*n - 27, 0 = 2*n + 2*b - 28. Calculate the greatest common divisor of n and 99.
11
Suppose -2*y + 400 = 3*y. Let j = -28 + y. Suppose -5*x + 9 + 44 = 3*w, -x + 2*w = -21. What is the highest common factor of j and x?
13
Let u be (-2)/5 - (-111)/15. Let m = 140 + -36. Suppose 4*i - m = 8. Calculate the greatest common divisor of i and u.
7
Let h be 5/(5/(-3)) + 16. Let y = h + 13. Let q = y - -28. Calculate the greatest common factor of 36 and q.
18
Suppose 3*x + 2*m - 160 = 6*m, -x - 4*m + 64 = 0. What is the highest common factor of x and 14?
14
Let r(h) = -h**2 - h. Let m(d) = -d**2 - d - 7. Let f(z) = -m(z) - 3*r(z). Let k be f(-8). What is the highest common divisor of k and 21?
21
Suppose 30 = 5*n - 4*k, n - 45 = -2*n - 3*k. Suppose 2*x + 0*x - q - 99 = 0, 53 = x + 3*q. Calculate the greatest common divisor of x and n.
10
Suppose 0 = -4*q + 5*k - 174 + 639, 3*q - k = 335. Let o be (-1 + 0 + 1)*1. Let w be (o - -8) + (1 - -1). Calculate the highest common divisor of w and q.
10
Let o(y) = 2*y - 3. Let f be o(2). Calculate the highest common divisor of 5 and f.
1
Let h be (-9)/(-12)*(-12)/(-1). What is the greatest common divisor of h and 27?
9
Suppose -2 = -3*m + 1. Let t(f) = f - 18. Let s be t(19). Calculate the highest common divisor of s and m.
1
Let f = -211 + 11. Let t = -378 - f. Let m = -94 - t. Calculate the highest common factor of 12 and m.
12
Let k = -18 - -21. Suppose -k = h - 11. Calculate the greatest common factor of h and 56.
8
Suppose -7 = -r - 1. Calculate the greatest common divisor of r and 18.
6
Suppose 4*h - 8 = -0*h. Let p be 140/16 - h/(-8). Let q(z) = 3*z**2 + 6*z + 3. Let c be q(-4). What is the greatest common factor of c and p?
9
Let t(h) = -2*h**3 + h**2 + 4*h - 4. Let s be t(-4). What is the greatest common factor of 31 and s?
31
Let b = -9 + 59. What is the highest common divisor of b and 75?
25
Suppose 1 = i, -v - 5*i + 6*i - 10 = 0. Let a be (v/(-2))/((-3)/(-6)). Calculate the highest common factor of a and 45.
9
Suppose 3*c - 42 = 84. Calculate the highest common divisor of 6 and c.
6
Let g be 14 - (-2 - -